 -n**2 - 7*n - 3. Let c be a(-7). Let k = c - 0. Determine q(k).
-1
Let i(c) be the second derivative of c**3/6 - 5*c**2 + 2*c. Calculate i(0).
-10
Let t(u) = -u**2 + u + 2. Let d be t(-2). Let g(v) = 3*v + 4. Give g(d).
-8
Let a be 15/6*60/25. Let h(y) = -3*y**3 + 10*y**2 - 5*y - 14. Let r(c) = c**3 - 3*c**2 + 2*c + 5. Let l(o) = 3*h(o) + 8*r(o). Give l(a).
4
Let y(p) = -2*p**2 + 2*p - 1. Let f be 1/(-3) - 25/15. Give y(f).
-13
Let k(n) = -2*n**3 + 2*n**2 + 3*n - 2. Let b(r) = r + 2. Let x be b(6). Suppose 0 - x = -4*d. Calculate k(d).
-4
Let k(n) = 18*n + 2. Let v(z) = -35*z - 3. Let w(t) = -5*k(t) - 3*v(t). What is w(1)?
14
Let u = -3 + -2. Let x be ((-1)/2)/(u/(-30)). Let i(l) = -2*l**2 - 4*l - 1. Calculate i(x).
-7
Let c(m) = m**3 + 8*m**2 - 4*m - 9. Let i = -8 - -13. Let b(w) = -i*w**3 + 1 + w**2 - 2*w**2 + 4*w**3 + w. Let n(p) = -2*b(p) - c(p). Calculate n(5).
-8
Let f(a) = 3*a**2 + a - 2. Suppose 5*d + 6 + 4 = 0. Give f(d).
8
Suppose 3 = 2*t - 3. Let i(o) = -1 - 2*o + 2*o**3 + o - 3*o**t - 3*o**2. Let z(r) = -r**3 - 13*r**2 - 13*r - 14. Let j be z(-12). What is i(j)?
-3
Let h(t) = -t**3 + 4*t**2 - t + 2. Let k be -2*1/(-2) + 3. Let m be h(k). Let x(o) = 4*o - o**2 - 6*o + 0*o - 2. What is x(m)?
-2
Suppose -15 = 7*m - 2*m. Let x = m + 6. Let p(i) be the third derivative of -i**4/24 + 2*i**3/3 - 2*i**2. Give p(x).
1
Let l(p) be the second derivative of p**5/60 - p**4/12 - p**3/3 - p. Let y(j) be the second derivative of l(j). Calculate y(-3).
-8
Let r(c) = c + 2. Let g(n) = -n**2 - 8*n. Let m be g(-6). Suppose -m = -d - d. Calculate r(d).
8
Let h(q) = -q**3 + q**2 + 7*q. Let t(w) = w**2 + w. Let v(x) = h(x) - 3*t(x). Suppose 7*m = 4*m - 9. Determine v(m).
-3
Let v(a) be the third derivative of -a**6/24 + a**5/60 - a**4/24 + a**3/6 + a**2. Let o(u) be the first derivative of u**3/3 + 1. Let r be o(1). Determine v(r).
-4
Let s(c) = -3*c**3 + 7*c**2 - 5*c + 8. Let g(m) = -2*m**3 + 4*m**2 - 3*m + 4. Let j(x) = 5*g(x) - 3*s(x). Let q be (-1 + 2)*(1 - 1). Calculate j(q).
-4
Let g = 157 + -151. Let i(z) = -z + 13. Give i(g).
7
Suppose -s - l = -12 - 0, 0 = s + 3*l - 2. Suppose -s = 3*a - 3*j + 52, -2*a - 38 = 2*j. Let n = -15 - a. Let y(v) = -v + 7. Give y(n).
1
Let s(b) be the first derivative of 0*b**2 + 0*b**3 - 1/4*b**4 - 1 + 0*b. Let o(d) = -d + 9. Let z be o(9). Determine s(z).
0
Let f(a) = 7*a. Suppose 132 = 6*l - 2*l. Suppose -4*m - 13 = -l. Let n(y) = -8*y. Let t(j) = m*n(j) + 6*f(j). What is t(-3)?
-6
Let y(b) = -3*b - 3 + 3 - 1. Let i = -5 + 10. Suppose 0 = 2*a - i*h - 12, -2*h = -2*a + 2*h + 10. Give y(a).
-4
Let x(s) = s**3 - 6*s**2 + 2*s - 8. Suppose -36 = -6*y - 0*y. What is x(y)?
4
Let c(i) be the second derivative of -i**3/2 - i**2 - 12*i. Determine c(3).
-11
Let f(x) = 5*x**2 + 7*x - 8. Let r be -2*((-2 - 10/4) + 3). Let o(p) = -4*p**2 - 6*p + 7. Let i = 8 - 4. Let l(z) = i*o(z) + r*f(z). Determine l(-4).
0
Let x(n) = -n**3 - 5*n**2 - 2*n + 4. Suppose 7*j = 2*j - 15. What is x(j)?
-8
Let o(y) be the third derivative of y**4/8 + 2*y**3/3 - 25*y**2. Calculate o(-6).
-14
Let j(p) be the first derivative of -p - 9*p**2 + 2 + 2*p**2 + 5*p**2. Suppose -q + 3 = -4*q. Calculate j(q).
3
Let t(j) = 3*j + 12. Let o be 6/16*2*-12. Determine t(o).
-15
Let a(s) = -s**2 - 5*s + 11*s - 7*s + 4. Let m(r) = -r. Let b(j) = -a(j) - m(j). Suppose 2*p + 8 = 4, -2*p + 12 = -4*h. What is b(h)?
4
Let m(u) = -3*u + 1. Suppose 23*d - 18 = -110. Determine m(d).
13
Let m(k) = k**3 + 7*k**2 + 8*k + 8. Suppose 0 = -2*i - 2*i + 24. Let r(f) = -f**2 + 4*f + 6. Let v be r(i). Determine m(v).
-4
Let r(q) = 2*q + q - 1 - q**2 + 2*q**2 + 2*q. Let o be r(-6). Let n(j) = 4 + j**3 + 6*j**2 + 0*j - 7*j - 2*j**3. Determine n(o).
-6
Let k(h) = -h**3 - h**2 + 2*h + 3. Let j = 10 + 15. Suppose 5*q + 31 = 3*d - 6*d, 5*q + j = 0. What is k(d)?
3
Let r(n) be the first derivative of 5*n**2/2 + 2. Let p be 3*4/9*3. Suppose -5*v - 5 = 2*t, 3*v + t - p*t = 18. Calculate r(v).
5
Let f(k) = 1 - 1 - 5. Let o(d) = d. Suppose -4*p = j + 17, -2*j = 2*p - 6*p - 14. Let i(g) = j*f(g) - o(g). Calculate i(0).
5
Suppose 5*o - 2*g - 56 = 0, -4*o - 5*g = -3*g - 52. Let v be (4/(-6))/(o/54). Let w(r) = -r + 3. What is w(v)?
6
Let h(w) be the first derivative of -3*w**2/2 - 32. Calculate h(1).
-3
Suppose 10 = 2*i + 8. Let l(m) = -13*m**2 + m. Determine l(i).
-12
Let k = 4 + -5. Let b be 1 - k - (-8)/2. Let w(m) = -m**2 + 7*m - 7. What is w(b)?
-1
Suppose 0 = -o + 5*c + 26, 5*c = 3*o - 36 - 2. Suppose -5*n + 21 = o. Let a(w) = -4 + 1 + n*w - 2*w + 0. Give a(4).
1
Let d(k) = -1 - 10*k + k**2 - 10 - 1. Calculate d(11).
-1
Let g(f) = -6*f**2 + 14*f - 2. Let y(a) = -5*a**2 + 13*a - 2. Let k(b) = 6*g(b) - 7*y(b). Calculate k(-7).
2
Let t(p) = -19*p - 24. Let d(a) = 7*a + 8. Let c(m) = -8*d(m) - 3*t(m). Determine c(-6).
2
Let r(u) = -u**3 + 6*u**2 - 5*u. Let f be (-3 - (-2 - 0))/(2/(-10)). Determine r(f).
0
Suppose 3*q + h = 19, -3*q - 2*h + 16 = -4. Let a(k) = k**3 - 5*k**2 - 8*k + 6. Calculate a(q).
-6
Suppose 7 + 5 = 4*o. Let i(h) be the second derivative of h**4/12 + 2*h. Calculate i(o).
9
Suppose 0 = 3*p - 5*y + 3 + 3, 2*p + y - 9 = 0. Let h(b) = 4*b - 4 - 3*b + 3*b. What is h(p)?
8
Let g(p) be the first derivative of p**4/4 + p**2 - p - 8. Calculate g(-2).
-13
Let m(x) = 2*x**3 + 8*x**2 - 5*x - 1. Let s(c) = -c**3 - 4*c**2 + 3*c + 1. Let j(o) = 3*m(o) + 5*s(o). Let w = 0 - 4. Give j(w).
2
Let w(p) be the third derivative of p**7/840 + p**6/90 + p**5/120 + p**4/8 - p**3/2 - p**2. Let l(f) be the first derivative of w(f). Give l(-4).
-1
Let y(x) = 6*x**2 + 4*x + 5. Let k(z) = -8*z**2 + 2 - 4*z**2 - z**2 - 13 - 9*z. Let r(u) = 4*k(u) + 9*y(u). Give r(1).
3
Let k(x) = -5*x**3 - 5 + 10 + 6*x**2 + 7*x + x**3 + 5*x**3. Calculate k(-5).
-5
Suppose 4*p = 12, 2 + 21 = 2*k + 5*p. Let v(b) be the third derivative of -1/12*b**4 + 0*b + 0 - 2*b**2 + b**3. Determine v(k).
-2
Let v(p) = p - 1. Let u = -12 + 5. Let n(j) = -2*j - 2*j + 3 + 2*j. Let s(d) = u*v(d) - 3*n(d). Give s(-4).
2
Let u(v) = 7*v**2 - 14*v + 3. Let b(a) = 6*a**2 - 12*a + 2. Let y(m) = -6*b(m) + 5*u(m). Calculate y(-2).
-5
Let p(k) = k**3 - 4. Suppose 0 = -3*q + 5*b + 21 + 16, 2*q - 5*b = 33. Suppose 0 = -q*m - 20, -r + 20 = -4*m. Determine p(r).
-4
Let t(a) be the third derivative of a**6/30 - a**4/24 - 2*a**2. Let h(x) = -2*x - 3. Let n be h(-2). Give t(n).
3
Let m(h) = h + 1. Suppose x + 10 = 3*x, 5*p + 4*x - 40 = 0. What is m(p)?
5
Let o(z) = 2*z. Let g(c) = -3*c. Let p = -21 - -16. Let i(r) = p*g(r) - 6*o(r). Calculate i(-1).
-3
Suppose -9 = j + a, 4*a = -2*j - 39 + 15. Let s(i) = i**3 + 5*i**2 - 9*i - 9. Let u be s(j). Let y(f) = 2*f**2 - 4 - 10*f - f**2 + u*f. Calculate y(-3).
8
Suppose -2*u = 4*w - 20, 5*u + 5*w = 16 + 19. Let o(r) = -r**3 + 3*r**2 + 4*r + 1. Determine o(u).
1
Let m(x) = -4. Let w(q) = q - 9. Let c(f) = -7*m(f) + 3*w(f). Suppose -3*a = a - 4. Calculate c(a).
4
Let m = -2 + 9. Let v be 4/6 + 3/9. Let t(g) = 6 + 6*g - g**2 - v + g. Determine t(m).
5
Let j be (-8)/(-16)*(2 - -6). Let r(c) = -4*c. Give r(j).
-16
Suppose -n + 0 = b + 2, 0 = -3*b - 12. Let k be 1/(n*3/(-24)). Let l(f) be the first derivative of f**3/3 + f**2/2 - 2*f - 5. Give l(k).
10
Let g(n) be the third derivative of -n**4/6 - n**3/6 + 21*n**2. Calculate g(3).
-13
Let l(i) = i**2 + 6*i - 2. Let g be l(0). Let x(w) = -w - 1. What is x(g)?
1
Let z(v) = 3*v + 32 - 13 - 15. Suppose 4*g - 2*g + 6 = 0. Determine z(g).
-5
Let o(y) be the first derivative of -y**2/2 - 4*y + 21. Calculate o(6).
-10
Let i(k) = k. Let b(g) = -4*g - 2. Let q(n) = b(n) + 2*i(n). What is q(2)?
-6
Let f(g) = -g - 2. Let c be f(-4). Let p(u) be the first derivative of 2*u**3/3 + u**2/2 - 2*u + 12. Give p(c).
8
Let m(c) = 3*c**2 + 6*c + 9. Let x(i) = 5*i**2 + 9*i + 14. Let g = 20 - 12. Let a(o) = g*m(o) - 5*x(o). Let u(p) be the first derivative of a(p). Give u(2).
-1
Let b be (7 - 5)/(-1*2). Let r(a) = a**2 + 3*a + 1. Calculate r(b).
-1
Let w(u) = 2*u - 1 + u**2 - 6*u + 3*u. Let j(c) = -4*c**2 + 7*c + 5. Let a(h) = h**2 - h - 1. Let x(y) = a(y) + j(y). Let t(v) = -4*w(v) - x(v). Determine t(2).
-8
Let k(y) = 6*y - 2*y**2 + y**2 - 2 + 5 + 0*y**2. Calculate k(5).
8
Let q(t) = -2 + 4*t + 4 - t**2 + 2. Let w(h) = 3*h**2 - 12*h - 13. Let x(u) = -7*q(u) - 2*w(u). Let b = 14 + -9. Calcul